{"id":9,"date":"2015-09-05T14:40:39","date_gmt":"2015-09-05T14:40:39","guid":{"rendered":"http:\/\/pro-musica-bremen.de\/?page_id=9"},"modified":"2024-12-08T18:21:58","modified_gmt":"2024-12-08T18:21:58","slug":"chorleiter","status":"publish","type":"page","link":"http:\/\/www.pro-musica-bremen.de\/?page_id=9","title":{"rendered":"Chorleitung"},"content":{"rendered":"<h2><\/h2>\n<h2><strong>Keno Hankel<br \/>\n<\/strong><\/h2>\n<div>\n<div id=\"ac_280_collapse2\" class=\"wpsm_panel-collapse collapse in\" aria-expanded=\"true\">\n<div class=\"wpsm_panel-body\">\n<p><span dir=\"ltr\" role=\"presentation\">Keno<\/span> <span dir=\"ltr\" role=\"presentation\">Hankel<\/span> <span dir=\"ltr\" role=\"presentation\">(*1991)<\/span> <span dir=\"ltr\" role=\"presentation\">ist<\/span> <span dir=\"ltr\" role=\"presentation\">Komponist,<\/span> <span dir=\"ltr\" role=\"presentation\">Dirigent<\/span> <span dir=\"ltr\" role=\"presentation\">und <\/span><span dir=\"ltr\" role=\"presentation\">S\u00e4nger (Stimmlage Tenor). Er komponiert Musik f\u00fcr<\/span> <span dir=\"ltr\" role=\"presentation\">Orchester, Ch\u00f6re und Ensembles mit Ausfl\u00fcgen in alle <\/span><span dir=\"ltr\" role=\"presentation\">m\u00f6glichen<\/span> <span dir=\"ltr\" role=\"presentation\">Besetzungen<\/span> <span dir=\"ltr\" role=\"presentation\">und<\/span> <span dir=\"ltr\" role=\"presentation\">Richtungen.<\/span> <span dir=\"ltr\" role=\"presentation\">Seit<\/span> <span dir=\"ltr\" role=\"presentation\">2020 <\/span><span dir=\"ltr\" role=\"presentation\">wohnt er in seiner Heimatstadt Bremen, arbeitet als<\/span> <span dir=\"ltr\" role=\"presentation\">Chorleiter und freiberuflicher Dirigent.<\/span><\/p>\n<p><span dir=\"ltr\" role=\"presentation\">Er<\/span> <span dir=\"ltr\" role=\"presentation\">schrieb<\/span> <span dir=\"ltr\" role=\"presentation\">Auftragskompositionen<\/span> <span dir=\"ltr\" role=\"presentation\">u.a.<\/span> <span dir=\"ltr\" role=\"presentation\">f\u00fcr<\/span> <span dir=\"ltr\" role=\"presentation\">das <\/span><span dir=\"ltr\" role=\"presentation\">\u00bbLu<\/span><span dir=\"ltr\" role=\"presentation\">cerne<\/span><span dir=\"ltr\" role=\"presentation\">-Festival\u00ab,<\/span> <span dir=\"ltr\" role=\"presentation\">die<\/span> <span dir=\"ltr\" role=\"presentation\">\u00bbL\u00fcbecker<\/span> <span dir=\"ltr\" role=\"presentation\">Knabenkantorei\u00ab, <\/span><span dir=\"ltr\" role=\"presentation\">die \u00bbJunge Philharmonie<\/span> <span dir=\"ltr\" role=\"presentation\">Karlsruhe\u00ab, den \u00bbJazzchor <\/span><span dir=\"ltr\" role=\"presentation\">Dresden\u00ab<\/span> <span dir=\"ltr\" role=\"presentation\">und<\/span> <span dir=\"ltr\" role=\"presentation\">das<\/span> <span dir=\"ltr\" role=\"presentation\">\u00bbJunge<\/span> <span dir=\"ltr\" role=\"presentation\">Ensemble<\/span> <span dir=\"ltr\" role=\"presentation\">Dresden\u00ab.<\/span> <span dir=\"ltr\" role=\"presentation\">Zu <\/span><span dir=\"ltr\" role=\"presentation\">seinem<\/span> <span dir=\"ltr\" role=\"presentation\">Werkekanon<\/span> <span dir=\"ltr\" role=\"presentation\">z\u00e4hlen<\/span> <span dir=\"ltr\" role=\"presentation\">zwei<\/span> <span dir=\"ltr\" role=\"presentation\">Symphonien, <\/span><span dir=\"ltr\" role=\"presentation\">Orchesterwerke,<\/span> <span dir=\"ltr\" role=\"presentation\">Theatermusiken,<\/span> <span dir=\"ltr\" role=\"presentation\">Kammermusik <\/span><span dir=\"ltr\" role=\"presentation\">sowie Chorwerke und ein Oratorium.<\/span><\/p>\n<p><strong><span dir=\"ltr\" role=\"presentation\">2016<\/span><\/strong> <span dir=\"ltr\" role=\"presentation\">arbeitete Keno Hankel f\u00fcr das \u00bbLu<\/span><span dir=\"ltr\" role=\"presentation\">cerne<\/span><span dir=\"ltr\" role=\"presentation\">-Festival\u00ab als Komponist, Arrangeur und <\/span><span dir=\"ltr\" role=\"presentation\">musikalischer<\/span> <span dir=\"ltr\" role=\"presentation\">Leiter<\/span> <span dir=\"ltr\" role=\"presentation\">beim<\/span> <span dir=\"ltr\" role=\"presentation\">Musiktheaterprojekt<\/span> <span dir=\"ltr\" role=\"presentation\">\u00bbDIVAMANIA\u00ab,<\/span> <span dir=\"ltr\" role=\"presentation\">das<\/span> <span dir=\"ltr\" role=\"presentation\">nach<\/span> <span dir=\"ltr\" role=\"presentation\">seiner<\/span> <span dir=\"ltr\" role=\"presentation\">Urauff\u00fchrung durch die Schweiz und Luxemburg tourte.<\/span> <strong><span dir=\"ltr\" role=\"presentation\">2017<\/span><\/strong> <span dir=\"ltr\" role=\"presentation\">schrieb er seine 1. Symphonie<\/span> <span dir=\"ltr\" role=\"presentation\">f\u00fcr die \u00bbJunge Philharmonie Karlsruhe\u00ab und dirigierte die deutsche Urauff\u00fchrung von Tord <\/span><span dir=\"ltr\" role=\"presentation\">Gustavsens Messevertonung \u00bbMASS\u00ab. Gustavsen, der selbst das Klavier spielte, bezeichnet<\/span> <span dir=\"ltr\" role=\"presentation\">den<\/span> <span dir=\"ltr\" role=\"presentation\">entstandenen<\/span> <span dir=\"ltr\" role=\"presentation\">Mitschnitt<\/span> <span dir=\"ltr\" role=\"presentation\">als<\/span> <span dir=\"ltr\" role=\"presentation\">Referenzaufnahme.<\/span> <strong><span dir=\"ltr\" role=\"presentation\">2018<\/span><\/strong> <span dir=\"ltr\" role=\"presentation\">dirigierte<\/span> <span dir=\"ltr\" role=\"presentation\">Keno<\/span> <span dir=\"ltr\" role=\"presentation\">Hankel<\/span> <span dir=\"ltr\" role=\"presentation\">die<\/span> <span dir=\"ltr\" role=\"presentation\">\u00bbMittels\u00e4chsische Philharmonie\u00ab sowie das \u00bbHfMDD Jazz Orchestra\u00ab bei der Urauff\u00fchrung<\/span> <span dir=\"ltr\" role=\"presentation\">seines Werks \u00bbConcertino im Zauberwald\u00ab.<\/span> <strong><span dir=\"ltr\" role=\"presentation\">2019<\/span><\/strong> <span dir=\"ltr\" role=\"presentation\">wurde ihm der \u00bbBremer Komponistenpreis\u00ab <\/span><span dir=\"ltr\" role=\"presentation\">verliehen und seine Vertonung des R\u00fcckert-Gedichts \u00bbDu bist mein Mond\u00ab f\u00fcr Chor und<\/span> <span dir=\"ltr\" role=\"presentation\">Klavier zur Urauff\u00fchrung gebracht.<\/span> <strong><span dir=\"ltr\" role=\"presentation\">2020<\/span><\/strong> <span dir=\"ltr\" role=\"presentation\">schrieb er seine 2. Symphonie.<\/span> <strong><span dir=\"ltr\" role=\"presentation\">2022<\/span><\/strong> <span dir=\"ltr\" role=\"presentation\">wurde sein<\/span> <span dir=\"ltr\" role=\"presentation\">\u00bbZ\u00dcTPHEN-ORATORIUM\u00ab uraufgef\u00fchrt, zu dem er anl\u00e4sslich der 500-j\u00e4hrigen Bremer<\/span> <span dir=\"ltr\" role=\"presentation\">Reformation beauftragt worden war. <strong>2023 <\/strong>leitete er f\u00fcr das Music Swap Lab eine Aufnahme mit der Deutschen Kammerphilharmonie Bremen. <\/span><\/p>\n<p><span dir=\"ltr\" role=\"presentation\">Von Kindheit an sang Keno Hankel im \u00bbKnabenchor Unser Lieben Frauen Bremen\u00ab und <\/span><span dir=\"ltr\" role=\"presentation\">spielte<\/span> <span dir=\"ltr\" role=\"presentation\">als<\/span> <span dir=\"ltr\" role=\"presentation\">Knabensolist<\/span> <span dir=\"ltr\" role=\"presentation\">am<\/span> <span dir=\"ltr\" role=\"presentation\">\u00bbTheater<\/span> <span dir=\"ltr\" role=\"presentation\">Bremen\u00ab<\/span> <span dir=\"ltr\" role=\"presentation\">in<\/span> <span dir=\"ltr\" role=\"presentation\">mehreren<\/span> <span dir=\"ltr\" role=\"presentation\">Opernproduktionen.<\/span> <span dir=\"ltr\" role=\"presentation\">Als<\/span> <span dir=\"ltr\" role=\"presentation\">Jugendlicher gr\u00fcndete er die A-cappella-Gruppe \u00bbBoys in Concerts\u00ab, die zwei professionelle<\/span> <span dir=\"ltr\" role=\"presentation\">Studioalben und eine Live-DVD ver\u00f6ffentlichte: Er war f\u00fcr Kompositionen, Arrangements<\/span><br role=\"presentation\" \/><span dir=\"ltr\" role=\"presentation\">und die musikalische Leitung verantwortlich.<\/span> <span dir=\"ltr\" role=\"presentation\">Seit 2015 ist er Mitglied des<\/span> <span dir=\"ltr\" role=\"presentation\">\u00bbDresdner <\/span><span dir=\"ltr\" role=\"presentation\">Kammerchors\u00ab<\/span> <span dir=\"ltr\" role=\"presentation\">unter Leitung von Hans-Christoph Rademann. Im gleichen Jahr gr\u00fcndete er<\/span> <span dir=\"ltr\" role=\"presentation\">das genre\u00fcbergreifende \u00bbKammer-Ensemble hankelmusik\u00ab: Das Ensemble trat u.a. 2018 auf<\/span> <span dir=\"ltr\" role=\"presentation\">dem \u00bbBeethovenfest Bonn\u00ab auf. <\/span><\/p>\n<p><span dir=\"ltr\" role=\"presentation\">Keno Hankel studierte an der Dresdner Musikhochschule bei Thomas Zoller Komposition <\/span><span dir=\"ltr\" role=\"presentation\">JRP mit den Nebenf\u00e4chern Gesang und Dirigieren. Sein Masterstudium absolvierte er in<\/span> <span dir=\"ltr\" role=\"presentation\">Komposition mit geteiltem Hauptfach Orchesterdirigieren und spezialisierte sich zus\u00e4tzlich <\/span><span dir=\"ltr\" role=\"presentation\">auf Chorleitung. Seit November 2023 leitet er den Kammerchor pro musica bremen.<br \/>\n<\/span><\/p>\n<\/div>\n<\/div>\n<\/div>\n","protected":false},"excerpt":{"rendered":"<p>Keno Hankel Keno Hankel (*1991) ist Komponist, Dirigent und S\u00e4nger (Stimmlage Tenor). Er komponiert Musik f\u00fcr Orchester, Ch\u00f6re und Ensembles mit Ausfl\u00fcgen in alle m\u00f6glichen Besetzungen und Richtungen. Seit 2020 wohnt er in seiner Heimatstadt Bremen, arbeitet als Chorleiter und freiberuflicher Dirigent. Er schrieb Auftragskompositionen u.a. f\u00fcr das \u00bbLucerne-Festival\u00ab, die<\/p>\n","protected":false},"author":1,"featured_media":0,"parent":0,"menu_order":0,"comment_status":"closed","ping_status":"closed","template":"","meta":{"footnotes":""},"_links":{"self":[{"href":"http:\/\/www.pro-musica-bremen.de\/index.php?rest_route=\/wp\/v2\/pages\/9"}],"collection":[{"href":"http:\/\/www.pro-musica-bremen.de\/index.php?rest_route=\/wp\/v2\/pages"}],"about":[{"href":"http:\/\/www.pro-musica-bremen.de\/index.php?rest_route=\/wp\/v2\/types\/page"}],"author":[{"embeddable":true,"href":"http:\/\/www.pro-musica-bremen.de\/index.php?rest_route=\/wp\/v2\/users\/1"}],"replies":[{"embeddable":true,"href":"http:\/\/www.pro-musica-bremen.de\/index.php?rest_route=%2Fwp%2Fv2%2Fcomments&post=9"}],"version-history":[{"count":18,"href":"http:\/\/www.pro-musica-bremen.de\/index.php?rest_route=\/wp\/v2\/pages\/9\/revisions"}],"predecessor-version":[{"id":1236,"href":"http:\/\/www.pro-musica-bremen.de\/index.php?rest_route=\/wp\/v2\/pages\/9\/revisions\/1236"}],"wp:attachment":[{"href":"http:\/\/www.pro-musica-bremen.de\/index.php?rest_route=%2Fwp%2Fv2%2Fmedia&parent=9"}],"curies":[{"name":"wp","href":"https:\/\/api.w.org\/{rel}","templated":true}]}}